of -z**5/60 + 5*z**4/8 - 5*z**3 + 35*z**2. Is 3 a factor of a(8)?
False
Let a = 1747 + -1347. Is 8 a factor of a?
True
Let a(v) = v**2 + 14*v + 7. Let c be a(-14). Let z(w) = -2*w + 10. Let o be z(c). Is 28 a factor of (-732)/(-26) - o/(-26)?
True
Suppose 2*o + 2*r = 46, 3*r + 76 = 2*o - r. Suppose -4*q - o = -4*v, 2*v - 17 = 5*q - 0*q. Is v a multiple of 6?
True
Suppose 0 = 19*z - 4474 + 1016. Is z a multiple of 14?
True
Suppose -5*z + 31 = 1. Let c = z - -44. Suppose x + x - 36 = -4*l, c = 3*x + 4*l. Is x a multiple of 14?
True
Let q(i) = -i**2 + 13*i + 7. Let l be (-8)/(-6)*6/4. Suppose -g - w + 14 = 0, -l*g - 22 = -3*g - 3*w. Is q(g) a multiple of 28?
False
Let j(w) be the first derivative of -w**4/4 + 3*w**3 - 2*w**2 - 5*w - 17. Is j(7) a multiple of 4?
False
Let c(n) = 4*n - 20. Let h be c(17). Let i = -20 + h. Is i a multiple of 8?
False
Let i(y) = 5*y**2 - 9*y + 17. Suppose 2*g + 10 = 4*g. Is 9 a factor of i(g)?
False
Suppose 0 = 22*x - 30*x + 232. Is x a multiple of 5?
False
Suppose 2*s = 3*y - 15, -3*s - 2*y + 10 = s. Suppose s = -5*z + 5*t + 470, -3*z + t - 10 = -282. Let m = z - 47. Is m a multiple of 10?
False
Let d = 1694 - 572. Is d a multiple of 22?
True
Suppose 0 = -5*i + 806 - 86. Is i a multiple of 12?
True
Suppose 4*j - 730 = 450. Is 5 a factor of j?
True
Let z = 419 - 244. Does 22 divide z?
False
Let t(i) = -i**2 - 7*i + 397. Is t(0) a multiple of 39?
False
Let w(o) = -o**3 + 33. Let v be w(0). Suppose -u = 2*u - v. Let r(s) = -s**3 + 10*s**2 + 10*s + 15. Is r(u) a multiple of 4?
True
Is 12 - 2 - -377 - 10 a multiple of 106?
False
Let x = 1291 - 679. Is 134 a factor of x?
False
Suppose -278*j + 281*j - 6805 = -5*n, 0 = -5*j + n + 11351. Is j a multiple of 59?
False
Suppose 9*x = -20*x + 13282. Is x a multiple of 9?
False
Does 4 divide (2*(-25)/(-20))/1*44?
False
Suppose -3*x - s = -5*s - 19, s - 19 = -4*x. Suppose -x*d + 612 = -363. Is 13 a factor of d?
True
Let r(d) = 89*d**3 - 2*d**2 + d. Does 12 divide r(1)?
False
Suppose -134 = -0*h + h. Let n = h - -434. Suppose 7*t = 2*t + n. Is 19 a factor of t?
False
Let j(r) = r + 353. Let p be j(0). Suppose -4*x - a = -22 - p, 2*x - 189 = -a. Does 7 divide x?
False
Let c(x) be the third derivative of -17*x**4/8 - 11*x**3/3 - 26*x**2. Does 14 divide c(-4)?
True
Let k be 26 - (1 - (-2)/2). Suppose -k = -4*m + 3*g + 41, -18 = -m - g. Suppose 13 = 3*t - m. Is t a multiple of 10?
True
Let i = 119 - -98. Does 10 divide i?
False
Suppose r + 3 = 4*h, 0 = r - h + 1 + 2. Let w(u) = -9*u + 2. Is w(r) a multiple of 14?
False
Let n(d) = 5*d**3 + 4*d + 1. Let z be n(3). Let l = z + -89. Is l a multiple of 11?
False
Suppose 13*m - 701 - 898 = 0. Does 10 divide m?
False
Let z be 1 - -2*5/10. Let n be z/(-9) + (-168)/(-27). Suppose -n*j + 130 = -j. Does 10 divide j?
False
Suppose -15*g - 3 = -16*g. Let d be 1 + 27*1 - -2. Suppose g*p = d + 12. Is p a multiple of 8?
False
Suppose 0 = 5*u + 15 + 70. Let d(p) = -2*p**2 - 36*p - 21. Does 6 divide d(u)?
False
Suppose -888 = -u - 230. Suppose 7*j + 0*j - u = 0. Is j a multiple of 18?
False
Suppose -5*y = 5*l - 3*l - 21, 2*l - 2*y + 14 = 0. Is ((-8)/6)/(l/45) a multiple of 10?
True
Let z(w) be the second derivative of -13*w**3/6 + 3*w**2 + 34*w. Does 23 divide z(-11)?
False
Let s = 1544 + -974. Does 15 divide s?
True
Let g(o) = 65*o - 108. Is 6 a factor of g(12)?
True
Suppose 2*z - 15 = h, -h - 35 = -2*z + 4*h. Suppose o - 62 = x, -z*o + 2*o + 5*x + 194 = 0. Does 10 divide o?
False
Suppose 4*v + 39 = 263. Is v a multiple of 4?
True
Let y be 12/64*4*-104. Let d = 52 - y. Let g = d + -75. Is g a multiple of 11?
True
Let z(v) = -v**2 + 16*v + 18. Suppose 0 = 6*w - 9*w + 45. Does 3 divide z(w)?
True
Suppose 4*m = -61*s + 59*s + 3458, -5*s + 5 = 0. Does 12 divide m?
True
Let a(v) = v**2 - 3*v + 2. Let l(b) = -3*b - 3. Let y be -1 + -4 + 5 - 0. Let i be l(y). Is a(i) a multiple of 10?
True
Let y be (18/8)/(21/56). Let a(h) = h**2 - 84 + 86 + y*h - 2*h**2. Does 11 divide a(3)?
True
Suppose -4*w - 24 = -192. Suppose 0*r = -r + w. Does 14 divide r?
True
Let r(x) = -x. Let v = 4 + -8. Let b be r(v). Let s = 8 - b. Does 2 divide s?
True
Let y be 314/6*(4 - 1). Let l = y - 127. Does 3 divide l?
True
Let a(o) = 48*o - 28. Let j(g) = 7*g - 4. Let p(b) = 6*a(b) - 40*j(b). Let v = -141 - -145. Does 13 divide p(v)?
False
Suppose 34*v - 24*v = 3340. Is 9 a factor of v?
False
Let h(r) = 205*r**3 + 4*r**2 + 21*r - 48. Does 55 divide h(2)?
True
Suppose 4*r + 24 = 3*r. Suppose 4*m = 20, 0 = 2*k + 6*m - 8*m + 72. Let g = r - k. Does 6 divide g?
False
Is 4/(-6) - (3 + 2350/(-6)) a multiple of 7?
False
Let v(b) = -3*b - 48 - 9*b + 2*b + 40. Suppose m - 11 = x, 0 = -5*x - 2*m - 58 + 10. Is v(x) a multiple of 27?
False
Let v(c) be the second derivative of 0 + 11/6*c**3 - 1/12*c**4 - 1/2*c**2 - 4*c. Is v(6) a multiple of 18?
False
Let f = -346 + 602. Is 39 a factor of f?
False
Suppose -31*z + 32*z - 82 = 0. Let i = z - 2. Does 14 divide i?
False
Suppose 274*k - 1548 = 265*k. Is k even?
True
Suppose 9*w - 4*w - 10 = 0. Suppose -q = w, i - 4*i = 5*q + 1. Suppose 23 = i*z - 40. Is z a multiple of 7?
True
Is (-4)/3*3 + -8 + 51 a multiple of 25?
False
Let a = 5 - -2. Let y be 14/63 + a/9. Does 29 divide ((2*87)/3)/y?
True
Let k(x) = -2*x - 2. Let c be k(-3). Let h = -1 + c. Suppose -167 = -h*t + 28. Is t a multiple of 14?
False
Is 12 a factor of (((-1278)/4)/3)/(144/(-96))?
False
Let u = 87 - -23. Is u a multiple of 17?
False
Suppose -5*i - 205 = 3*m - 5*m, 5*m - 4*i - 555 = 0. Let y = m - 49. Is 33 a factor of y?
True
Let o be (2 - 35) + -2 - -4. Let r = o - -40. Is r a multiple of 8?
False
Is (-12)/30 + (77688/20)/6 a multiple of 35?
False
Let r(v) = -2*v**3 - 14*v**2 + 11*v - 6. Does 31 divide r(-12)?
True
Let f be (-8556)/(-8)*12/18. Suppose 868 = 5*z + r + 3*r, -4*z = -3*r - f. Is z a multiple of 22?
True
Let i(k) = -k**2 - 6*k - 8. Let p be i(-5). Is (-46)/(2*p/12) a multiple of 23?
True
Suppose 4*i - 3*g - g = -160, 0 = -3*i + 4*g - 124. Let a = 43 - i. Suppose -1 + a = 3*q. Is q a multiple of 13?
True
Let k = -23 - -28. Suppose -2*w = 3*w + 20, -4*w + 309 = k*u. Is u a multiple of 13?
True
Let u(p) = -p + 14. Let x be u(11). Suppose 0 = -x*z + 2*q + 539, 3*q - 411 = -4*z + 319. Is 12 a factor of z?
False
Suppose -6*v + 1247 = 467. Is 27 a factor of v?
False
Let f be (4/12)/(((-2)/(-24))/1). Let s(c) = 31*c - 25. Does 9 divide s(f)?
True
Let x(b) = -b**2 - 2*b + 15. Let s be x(-5). Is 34 a factor of (34/(-3) + s)/((-2)/24)?
True
Is 7 a factor of 3/((-135)/(-3140)) + (-2)/(-9)?
True
Let q be (-1)/(-4) - 550/(-40). Suppose -3*u + 2756 = -4*b, 4*u + 3*b - 2227 - 1456 = 0. Is 14 a factor of (-4)/(-14) + u/q?
False
Suppose q - 4 = k, 2*q = -3*q - 3*k + 36. Is (-68 - (-4 - -2))*(-21)/q a multiple of 15?
False
Let n(k) = 2*k + 16. Let s be n(14). Let a = 97 - s. Let q = a - 35. Does 6 divide q?
True
Let z be (4/22)/(12/132). Suppose -z*i + 270 + 162 = 0. Does 18 divide i?
True
Let m(j) = 1 + 7*j**2 - 2*j + j**2 + 2 + 8*j**2. Suppose 0 = 4*t + 2*f, 16 = t + 3*t - 2*f. Does 21 divide m(t)?
True
Let f(u) = u**2 + 5*u + 2. Let w be f(-5). Suppose -6 = -w*c - 2. Suppose -c*p + 38 + 58 = 0. Is p a multiple of 16?
True
Suppose 682 + 326 = 8*f. Suppose -x = 2*x - f. Is x a multiple of 3?
True
Let a(n) be the second derivative of 1/2*n**3 + 0 - 4*n + 2*n**2. Is a(6) a multiple of 12?
False
Let s = 23 - 20. Let z(r) = 3*r**2 - 7*r + 5. Is 2 a factor of z(s)?
False
Suppose -6*w + 105 = -w. Suppose 0 = -0*l + l - 2*f - 6, 3*l - w = 3*f. Does 10 divide 0 + 2 + (l - 0)?
True
Let d = 419 + -298. Does 11 divide d?
True
Suppose 7*f - 320 = -4*x + 3*f, -2*f = -3*x + 240. Is 7 a factor of x?
False
Suppose -4*i - 9364 = -5*a, -97*a + 5618 = -94*a - 2*i. Does 72 divide a?
True
Let g(i) = i**3 + 9*i**2 + 5*i + 8. Let m be g(-8). Suppose -m*p = -36*p + 220. Is p a multiple of 11?
True
Let b(o) = o**2 + 5*o - 14. Is b(4) a multiple of 2?
True
Let g = -94 + 98. Is 1/g - 1421/(-28) a multiple of 3?
True
Let q(l) = 3*l**2 - 15*l + 1769. Is 85 a factor of q(0)?
False
Suppose -3090 = 14*l - 44*l. Does 31 divide l?
False
Suppose -2*q - 4 = 0, 0 = 4*v - 0*v - 3*q + 58. Is 2 + 1 - (-38 + v) a multiple of 6?
False
Let m = -107 - -279. Let x = -112 + m. Does 8 divide x?
False
Let b(w) be the third derivative of w*